 -l**2 - 10*l + 3. What is the units digit of w(-6)?
7
Suppose -2*f = -7*f. Suppose f = -3*v + 9 + 15. What is the units digit of v?
8
Let o = 4 - 3. Suppose 0 = -k + 16 - o. What is the tens digit of k?
1
Let r = 22 - -2. What is the units digit of r/10*(-15)/(-6)?
6
Suppose 10 = -5*l - 20. What is the units digit of l/(-2)*(3 - 2)?
3
Let s = 121 + -42. What is the units digit of s?
9
Let i = 213 - 148. What is the units digit of i?
5
Let d(z) = z**3 - 5*z**2 + 8*z - 5. Let g be d(5). Suppose 9 - g = -2*y. What is the tens digit of y?
1
Let d be 16/(-6)*(-4 + -2). Let b = d - 5. What is the units digit of b?
1
Let c = 37 + 19. Suppose -3*x - c = -7*x. What is the tens digit of x?
1
Let b = 13 - 3. Suppose -7*q - 27 = -b*q. What is the units digit of q?
9
Let f be 11/(-9) - 4/(-18). Let t be 5/15*(f + 7). Suppose 0 = -t*i - 3*i + 30. What is the units digit of i?
6
Let t be 0*(3 + 15/(-6)). Suppose 4 = z - t. What is the units digit of z?
4
Let h(k) = -k - 8. Let r be h(-12). Let x(t) = t**3 - 6*t**2 + 3*t - 6. Let f be x(6). Suppose 4*v - f = p, r*v - 3*p = p + 24. What is the units digit of v?
2
Let z = -64 + 30. Let s = -20 - z. What is the tens digit of s?
1
Suppose -10 = -2*y, -4*t + 2*y - 45 = t. Let g = t - -10. Suppose g*x = -3*j + 38 + 25, -j = 2*x - 40. What is the units digit of x?
9
Let d be (-244)/(-12) + 2/3. What is the units digit of 2/7 - (-57)/d?
3
Let c = 143 - -185. What is the units digit of c?
8
What is the units digit of 16 + (0 - (-1 + 1))?
6
Let f = -14 - -10. Let p = -4 - f. Suppose 3*t + 3*u = 24, t + 0*u + 4*u - 8 = p. What is the units digit of t?
8
Let c(y) = y**2 - y. Let g be c(-2). What is the units digit of (-4)/g*(-90)/12?
5
Let s be 2 + ((-2)/1)/(-1). What is the tens digit of (s - 0)/(4/10)?
1
What is the units digit of (-6 + 3)*(-68)/6?
4
Let t(w) be the third derivative of w**6/720 - w**5/40 + w**4/24 - w**2. Let x(q) be the second derivative of t(q). What is the units digit of x(7)?
4
Let y = 127 + -78. Let c = y + -18. What is the tens digit of c?
3
Let o be (40/25)/(1/(-5)). What is the units digit of 4/(o/(-18)) - 0?
9
Let r = -29 - -34. What is the units digit of r?
5
Let h be (-8)/(-14)*14/2. Let s(f) = 10*f - 9. What is the units digit of s(h)?
1
Suppose -2*f - 4*p = -4, -p - 6 = -3*f - 3*p. Suppose -4*n + 26 = 3*z, -8 = z - f*n - 0. What is the units digit of z?
2
Suppose -q = p - 4, -5*q + 4 = -0*p - 3*p. What is the units digit of (-18 + (p - 2))/(-2)?
9
Let b(n) = 2*n**3 - 4*n**2 + 3*n + 12. What is the units digit of b(5)?
7
Suppose -5*p + 4*u - 2 = 0, -3 - 13 = -5*p - 2*u. Suppose p*y = -4*t - 0*t + 14, -5*y + 35 = 2*t. What is the units digit of y?
7
What is the hundreds digit of 4/12 - (-341)/3?
1
Let y(t) = t + 5. Let q be y(4). Let o be -1*q*3/(-9). Suppose w - 2*r - o*r = 2, 2*w - 5*r - 4 = 0. What is the units digit of w?
2
Suppose 0 = -4*r + 100 + 396. Suppose y - 5*y + r = 0. What is the tens digit of y?
3
Let w(o) = 11*o - 1. What is the units digit of w(2)?
1
Suppose 3*k - p - 306 + 0 = 0, 0 = 4*p. What is the hundreds digit of k?
1
Let q(g) = 24*g + 62. What is the units digit of q(5)?
2
What is the units digit of (65/15)/((-2)/(-24))?
2
Suppose 3*f = 3*x + 153 + 279, -2*f = 4*x - 276. What is the tens digit of f?
4
Let r be (-4)/((-6)/3)*4. Let d = -10 - -7. Let m = d + r. What is the units digit of m?
5
Suppose -89 = -3*j + 2*v, 4*j + j - 3*v - 149 = 0. What is the units digit of j?
1
Suppose -2*f = 2*t - 3*f - 63, 0 = -5*f + 15. What is the tens digit of t?
3
Suppose -5*m + 10 = 0, 3*l - 127 = -0*l + 4*m. What is the tens digit of l?
4
Let l be (3 - -1)*10/(-8). What is the units digit of 4 + 4/2 + l?
1
Let g be (4 + -3)*-3 - -9. Let k(y) be the second derivative of y**5/20 - 7*y**4/12 + 5*y**3/6 + 4*y**2 - y. What is the units digit of k(g)?
2
Let h(w) = -w**2 - 11*w - 2. Let g = 62 + -15. Suppose -g = 5*v + 3. What is the units digit of h(v)?
8
Let o(z) = z**3 + 6*z**2 - 8*z - 2. Let c be o(-7). Suppose c*d = -p + 12, -5*p - 9 = 5*d + 11. Let b = p + 18. What is the tens digit of b?
1
Suppose -4*j - j = 5*p - 5, -p + 5*j - 29 = 0. Let z be p/10 + (-37)/(-5). What is the units digit of (-4)/10 + z/5?
1
Suppose 4*s - 143 = u, -3*s - 3*u + 61 = -s. What is the units digit of s?
5
Suppose -4*a + 1 + 51 = 0. What is the tens digit of a?
1
Let y = 9 - -9. Suppose -3*x - 2 = -d, 3*d + 3*x = -0*d + y. What is the units digit of d?
5
Let y = -370 - -696. What is the hundreds digit of y?
3
Let f be (36/(-21))/(-2)*-7. Let d(g) = 2 - 2 - 9 - 8*g - g**2. What is the units digit of d(f)?
3
Let n(q) = -2*q + 22. What is the tens digit of n(-9)?
4
What is the units digit of (-13 + -4)*-1 - 3?
4
Let q(o) = 5*o**2 - o + 3. Let f(h) = -9*h**2 + 2*h - 5. Let c(y) = -4*f(y) - 7*q(y). Let s be c(2). What is the units digit of (-1)/(-2*s/14)?
7
Let j(w) be the third derivative of -w**5/60 - 5*w**4/24 + 3*w**3/2 + w**2. Let h be j(6). What is the units digit of 1 + h/(-6)*2?
0
Let o be 111/21 - 2/7. Suppose 6*d - d = 0. Suppose 4*n = 20, -o*f - n = -d*n - 50. What is the units digit of f?
9
Let k = 1244 - 878. What is the tens digit of k?
6
Let h(a) = -a**2 - 3. Let g be h(6). What is the tens digit of 2/(-13) + (-435)/g?
1
Suppose y + 4*f = -2 + 12, -y + 7 = 3*f. What is the units digit of -6*28/16*y?
1
Suppose -4*y - 3*y + 343 = 0. What is the tens digit of y?
4
Let j(o) = -11*o - 14. What is the units digit of j(-4)?
0
Suppose z + 0*x + 4*x + 11 = 0, -4*z - 5*x - 11 = 0. Let l(h) be the second derivative of h**5/20 + h**3/6 - 2*h. What is the units digit of l(z)?
2
Let n(k) = 2*k**3 + 6*k - 6*k. Let r be n(-1). Let l = r - -6. What is the units digit of l?
4
What is the tens digit of (1 + -2)*124/(-4)?
3
Suppose 2*a + 4*h = -2*a + 80, h = -3*a + 68. Suppose -2*s = -6 - 40. Suppose a = 3*q + n, -4*q - 3*n = -2*q - s. What is the units digit of q?
7
Suppose -v + 3*v = -4*b + 348, -b - 2*v + 93 = 0. Suppose -b = -3*l + 2*p + 3*p, 0 = -p - 5. What is the units digit of l?
0
Let s(r) = 1 - 3*r - r**2 + 3 - 4*r. Let z = -9 - -3. What is the units digit of s(z)?
0
Let j(x) = -x + 2. Let g = -24 + 15. What is the units digit of j(g)?
1
Let y(d) = 5*d - 3. Suppose 0 = -4*p - u + 15, 0*u = 2*p + u - 7. Suppose -3*g = 3*k, -5*k + 4 = p*g - 3*k. What is the units digit of y(g)?
7
What is the units digit of ((-12)/4)/(1/(-15))?
5
Suppose -2*g - g + 45 = 0. Suppose y = -3*y + 5*p + g, -2*y + 45 = 5*p. What is the units digit of y?
0
Let c(p) = -10*p - 10. What is the tens digit of c(-10)?
9
Suppose 2 = z + 3*t, -2*z - 5*t = -z - 2. Let i = z + 2. Suppose i*f - 64 = -0*f. What is the tens digit of f?
1
Let t be (8/(-3))/((-7)/21). Let h(b) = b**3 - 8*b**2 + b - 4. What is the units digit of h(t)?
4
Let w be 4*(100/16 - 4). Suppose w + 20 = k. What is the tens digit of k?
2
Let g be (-2)/8 + 18/8. Let b(d) = -d + 3. Let u be b(-3). What is the units digit of (20/6)/(g/u)?
0
Let b(v) = 5*v**2 - 4*v + 2. Suppose 2*n + 0*n - 4 = 0. What is the units digit of b(n)?
4
Suppose 4*u = -4, -d = -5*u - 20 - 49. What is the tens digit of d?
6
Suppose 3*x + 2 = 5. Let m be 0/(-2) + x*-6. What is the units digit of (-46)/m - 6/9?
7
Suppose -2*b + 6 = 22. Let k = b - -31. What is the tens digit of k?
2
Suppose -3*l - 2*l = 0. Suppose -5*i = 3*x - 75, -5*i + l*x + 65 = x. Suppose 3*c - i = 24. What is the tens digit of c?
1
What is the units digit of -2 + 15/6 - 398/(-4)?
0
What is the units digit of (2056/24)/(2/(-12)*-2)?
7
Suppose p = -p + 28. Suppose -6*b = -2*b - 648. What is the units digit of 4/p - b/(-21)?
8
Let u = -31 + 44. Suppose 5*m - u + 3 = 0. What is the units digit of (10/(-4))/(m/(-8))?
0
What is the tens digit of (-108)/(-10)*(-20)/(-6)?
3
Let c be 2 - (1 + -1) - 2. Let m = 5 - c. What is the units digit of m?
5
Let x be (-6)/(4 + -1) - -7. Suppose x*y - 54 = 3*k, 0 = -3*y - 0*y - 5*k + 46. Suppose 3*g + y + 3 = 4*m, 3*m + 4*g = 5. What is the units digit of m?
3
Let l = 4 + -11. Let i(p) = -10 + 8*p**2 + 3*p**3 + 5*p + 0*p**2 - 2*p**3. What is the units digit of i(l)?
4
Suppose 7*x = 8*x. Suppose x = 5*d - 0 - 65. What is the tens digit of d?
1
Let m = 0 + 0. Let h(v) be the third derivative of -v**5/60 + v**4/24 + v**3/6 - 38*v**2. What is the units digit of h(m)?
1
Let p be (0 - -3)*4/(-6). Let r be 